+ 32 = -h. What are the prime factors of h?
3, 5, 29
Let w(u) = 2*u**3 - 3*u**2 - 24*u + 62. What are the prime factors of w(10)?
2, 761
Let z = -13 + 19. Let j = -6 + z. Suppose j = -s - s + 16. What are the prime factors of s?
2
Let w = -4331 + 6704. List the prime factors of w.
3, 7, 113
Suppose -4*m = m - 10. Suppose -4*o = m*k - 3*o - 19, -k + 4*o = -5. What are the prime factors of 26/1 + -8 + k?
3
Suppose -5*w - 12 - 23 = 0. Let t(b) = b**2 + b + 1. Let p(h) = -5*h**2 + 4*h - 3. Let d(y) = -p(y) - 6*t(y). List the prime factors of d(w).
2, 3
Let k(j) = 14*j - 14*j**2 + 4 + 15*j**2 + 13. Let d be k(-12). Let q = 17 + d. What are the prime factors of q?
2, 5
Suppose -3*v - 880 = -8*v. Let t = 274 - v. What are the prime factors of t?
2, 7
Let f = 53 + -29. Let l = f - 20. Let o(r) = -r**3 + 4*r**2 + 2*r - 6. What are the prime factors of o(l)?
2
Suppose 11 = 3*g - 4*d, 5*g + 3*d - 37 = 5*d. Let q be -1*0/(-1 - (1 - 3)). Suppose -3*n - g = q, -39 = -2*u - 4*n - 7. List the prime factors of u.
2, 11
Let o(c) = -192*c + 916. What are the prime factors of o(-13)?
2, 853
Suppose 18*a - 389 = 151. What are the prime factors of a?
2, 3, 5
Suppose -5*j - 6*d + 19 = -2*d, 2*d - 17 = -5*j. Let m be (4/2)/(j/39). Suppose w + m = 2*w. List the prime factors of w.
2, 13
Let y(q) = q**2 + 2*q + 26. Let t be y(0). List the prime factors of t/3*(-60)/(-8).
5, 13
Let l(d) = -11*d - 4. Let v be l(-6). Suppose x = -4*f + 36, -x - 3*f + v = x. Suppose -x = -0*a - 2*a. What are the prime factors of a?
2, 7
Let o = 30 + 24. Let i = o + -52. What are the prime factors of i?
2
Let l = 98 - 147. Let z = l + 188. What are the prime factors of z?
139
Suppose 3*s - 382 = b, 0 = -7*b + 5*b + 10. Suppose -i - 70 = 2*m + 57, 5*i = 5*m + 295. Let l = m + s. What are the prime factors of l?
67
Suppose 0 = -5*o + 10*o - 30. Let z = 6 - o. Let h = 6 - z. What are the prime factors of h?
2, 3
Let v(l) = 4*l + 2. Let s be v(3). Suppose 3*a + s = 47. Suppose 0 = 15*i - a*i - 272. List the prime factors of i.
2, 17
Let m(p) = -p**2 + 12*p + 85. Let l be m(-5). Let v(w) = -w**3 - 7*w**2 - w - 6. Let x be v(-7). List the prime factors of l - ((-19)/1 + x).
2, 3
Let n = -8 + 14. Let x(h) = -h**3 + 5*h**2 + 5*h + 7. Let b be x(n). What are the prime factors of 5/b - (-3 - -2)?
2, 3
Suppose 1060 = 2*v + 372. What are the prime factors of v?
2, 43
Let r be (7740/8 - -5) + 2/(-4). Suppose 5*m - r = 4*t, 11*t = 5*m + 6*t - 970. List the prime factors of m.
2, 7
Let k = -109 - -114. Let u(f) = 4*f**3 + f**2 - 2*f + 1. Let l be u(3). Suppose -l = -k*s + s. List the prime factors of s.
2, 7
Suppose 0 = -3*x + 51 - 42. Suppose 0 = -10*k - x*k + 234. List the prime factors of k.
2, 3
Let p(d) = 2*d**3 - 5*d**2 + 6*d + 3. What are the prime factors of p(11)?
2, 1063
Let o = -3 + 8. Suppose -10*a + 20 = -12*a. What are the prime factors of (4/o)/(a/(-275))?
2, 11
Let u(i) = -i**3 - 9*i**2 - 9*i - 10. Let s be u(-8). Let v(b) = b - 1. Let q be v(s). What are the prime factors of q/2 - (-22)/4?
2
Let f = -8 - -10. Suppose f = -2*t - 4. Let o(r) = r**2 + 2*r + 1. List the prime factors of o(t).
2
Let c(f) = 11*f**2 - 2*f - 34. List the prime factors of c(11).
3, 5, 17
Let r(f) = f**3 + 18*f**2 - 15*f - 58. What are the prime factors of r(-13)?
2, 491
Let a be -2 + 10 + 1 + -4. Suppose -21 = -a*m - 6. Suppose -3*j - 6*h + 72 = -m*h, j + 4*h = 30. List the prime factors of j.
2, 11
Suppose -69 = 3*g + 18. Let v = -25 - g. Suppose -68 = -5*t + 3*u + 41, -31 = -t - v*u. List the prime factors of t.
23
What are the prime factors of (-50710)/(-60) - 2/12?
5, 13
Let r = 5 - 4. Let x = -1 + r. Suppose x = -0*j + j - 8. What are the prime factors of j?
2
Let z(b) be the third derivative of b**5/4 - 7*b**4/24 - 13*b**3/6 - 32*b**2. List the prime factors of z(-4).
3, 5, 17
Let a = 2 + 55. Let k = -830 + 830. Let u = k + a. What are the prime factors of u?
3, 19
Suppose 4*l = p + 3*p + 4, -13 = 3*l + p. Let g(k) = k**3 + 3*k**2 - 5*k - 2. List the prime factors of g(l).
13
Let k(i) = 190*i**2 + i - 7. List the prime factors of k(-3).
2, 5, 17
Let q(z) = -7*z + 8. Let a be q(1). Suppose 0 = -u + 83 + a. List the prime factors of u.
2, 3, 7
Suppose -200 = -c + 85. Suppose a = -3*t + 53, -5*a + 0*t + c = 5*t. List the prime factors of a.
59
Let p(g) = g**2 - 14*g + 17. Let b be p(13). Suppose -b*c - t + 0*t = -145, 0 = -3*c - t + 108. List the prime factors of c.
37
Suppose 24 = -10*q + 744. What are the prime factors of q?
2, 3
Let p be 12/((3/(-6) - -1)*-2). Let j(h) = -h**3 - 12*h**2 - 9*h - 16. List the prime factors of j(p).
2, 23
Suppose -6*k + 28 = -2*k. Let t be -4 + k - (-44 - 0). Suppose -2*c - 2*a = 7 - t, -4*c - 5*a + 75 = 0. List the prime factors of c.
5
Suppose 0 = 3*w - 5*t - 7, -6*w + 2*w + 2*t + 28 = 0. Let g = 55 + w. List the prime factors of g.
2
Let t(k) = k**2 + 2*k - 3. Suppose 5 = w, -2*d + 1 = 2*w - 19. Let f be t(d). Let z = f + 2. List the prime factors of z.
2, 17
Let a = 1017 + -162. What are the prime factors of a?
3, 5, 19
What are the prime factors of (-58)/290*15/(-6)*8182?
4091
What are the prime factors of (-4 - 268/(-16))/((-21)/(-56))?
2, 17
Let w be (-2)/(-10) + (-8)/((-320)/712). Let f be 82/8 - (-2)/(-8). Let t = w - f. List the prime factors of t.
2
Let y(o) = o**2 + 20*o - 12. Let d be y(-16). Let l be (-6)/27 + d/(-18). Let h(n) = -n**3 + 5*n**2 - 3*n - 1. List the prime factors of h(l).
3
Let g(t) = 61*t**2 + 147*t + 6. List the prime factors of g(-11).
2, 5, 577
Let l(h) = -h**2 + 2*h. Let c be l(2). Suppose 7*u = 2*u - 10, -z - u = c. Let p = 21 - z. List the prime factors of p.
19
Suppose -7*p + 201 = -415. What are the prime factors of p?
2, 11
Let m(u) be the first derivative of -4*u**2 - 7*u - 1. Let k(w) = -w**2 + 10*w - 28. Let g be k(5). List the prime factors of m(g).
17
Let g = 8 + -9. Let k(a) = 17*a**2 - 1. Let r be k(g). Suppose c - r = 10. What are the prime factors of c?
2, 13
Let p(b) = b**2 - 18*b - 36. Let s be p(20). What are the prime factors of (-12)/s*89/(-3)?
89
Let i(t) = -t**3 + 21*t**2 + 9*t - 17. Let u = -20 + 22. Let d(y) = -5*y**2 - 2*y + 4. Let z(g) = u*i(g) + 9*d(g). List the prime factors of z(-3).
29
Suppose 15 = t - 4. Let y = t - 5. What are the prime factors of (y/(-8))/(1/(-12))?
3, 7
Suppose 21 + 53 = 2*h + 5*l, 3*h = l + 94. Suppose 3*f - 7 - 17 = -3*a, 3*a + 5*f = h. List the prime factors of 8/(a/((-120)/(-3))).
2, 5
Let z(a) = 3*a**2 + 2*a - 1. Let o = -8 + 5. Let p be z(o). Suppose 0 = h - 0*h - p. List the prime factors of h.
2, 5
Let p(l) = -2*l**2 - 12*l - 7. Let q be p(-5). Suppose -460 = -q*m - 2*m. What are the prime factors of m?
2, 23
Let o(k) = -k**3 + 6*k**2 + 2*k - 7. Let l = 20 - 14. Let b be o(l). Suppose b*i = 40 + 95. List the prime factors of i.
3
Let j = -368 + 680. What are the prime factors of j?
2, 3, 13
Let z(o) = -7*o**2 + 3 + 0*o**3 - 8*o**2 + 4*o**3 - 3*o**3 + 15*o. Let m = 32 - 18. List the prime factors of z(m).
17
Let t(a) = 7*a**3 + 17*a**2 - 16*a - 30. Let w(b) = -b**3 - 1. Let y(q) = -t(q) - 6*w(q). What are the prime factors of y(-18)?
2, 3
Let f be -1*(0/(-3) + -3). Suppose -f*r = r - 260. What are the prime factors of r?
5, 13
Suppose -4*h = -3*y - 10501, -13132 = -4*h - h - 2*y. What are the prime factors of h?
2, 13, 101
Let k(h) = -h**3 + 13*h**2 - 9*h - 14. Let i(r) = r**3 + 18*r**2 + 16*r - 5. Let t be i(-17). List the prime factors of k(t).
2, 11
Suppose -5*w + 2*w + 258 = 0. Let c = w + -30. What are the prime factors of c?
2, 7
Let o(c) = 29*c**2 - 4*c + 3. Let w be o(2). Suppose -161 = -j + w. List the prime factors of j.
2, 17
Suppose -7*y - 3*p = -3*y - 2098, -3*p = y - 520. What are the prime factors of y?
2, 263
Suppose -2*c + 2*p = -2*p + 38, -p = 1. Suppose 0*f = 3*f + 87. Let d = c - f. What are the prime factors of d?
2
List the prime factors of 2*(-1 + (-427)/(-2)).
5, 17
Let f(j) = -161*j - 217. What are the prime factors of f(-3)?
2, 7, 19
Suppose -t + 2*x = -534, 633 = -5*t - 5*x + 3243. What are the prime factors of t?
2, 263
Suppose 2*j + 5*m - 23 = 0, -2*j + 2 + 22 = 4*m. Let s = j + 2. List the prime factors of s/3 + (-10)/30.
5
Let r be -2 - ((-2)/(-2) + -2). Let t(j) = j. Let u be t(r). What are the prime factors of (-44)/8*u*6?
3, 11
Suppose 4*f + 56 = -0*